6. Let s be l(-12). Suppose -3 = s*z - 23. Suppose z*r = -1597 + 4302. Is r composite?
False
Is (-46)/4*(63 + -2365) prime?
False
Let a be (3 - 0) + -5 + 3. Is 32617/26 + a/2 a composite number?
True
Suppose 0 = 19*d - 456066 - 253641. Is d a prime number?
False
Suppose 5*d - 22 = -4*y, d + 5*y - 23 = -3*d. Suppose 5*w - 2*p - 34 = w, -w + d*p + 13 = 0. Is w composite?
False
Suppose 0 = -6*d - 18939 + 68211. Suppose -d = -0*k - 4*k. Is k prime?
True
Let b(x) = -x**2 + 5*x + 2. Let k be b(4). Let m(o) = o**3 + 9*o**2 - 8*o + 5. Is m(k) a prime number?
False
Let q(c) = -529*c - 133. Is q(-8) composite?
False
Let d(v) = -3*v**3 - 8*v**2 + 13*v - 5. Let r be (-6)/(-27) + (-228)/54 - 3. Is d(r) prime?
True
Let s be 0 - (-8)/((-16)/(-4)). Let q be (s - 1)*-5 + 0. Is (q + 4)*(-15 - -1) a composite number?
True
Suppose 0 = 4*t - 2811 - 12989. Let x = t + -1417. Is x composite?
True
Let u = -70 - -68. Is 9846/(-36)*2*(u - -1) a prime number?
True
Is (-158)/(-4 - (-570)/145) + -4 prime?
True
Is (-378 + 80)*(-158)/4 prime?
False
Let r be (1/3)/(1/9). Suppose 430 = -r*f + 1525. Is f a prime number?
False
Let z = -9 + 13. Suppose 3*p = 2*w - 0 - 23, 5*w - 33 = z*p. Is -3 - p/(14/668) composite?
False
Let i = 4401 + -1679. Is i prime?
False
Suppose 7*t = 10*t. Suppose -3*n + 18 = 3*s, t = 2*n - 4*s + s - 7. Suppose 239 = 2*h + n*u, 4*u - 294 + 52 = -2*h. Is h a composite number?
False
Let t = 75852 - 50129. Is t prime?
False
Let c(u) = u + 1. Let l be c(6). Suppose -l*i - 273 = -5026. Is i composite?
True
Is -1 + (25 + -30 - (-7212 - 1)) composite?
False
Let h(b) = -194*b**2 + 4*b + 5. Let d be h(-2). Let m = d + 1434. Suppose m = 6*x - 1619. Is x prime?
True
Let v be (-138)/30 - 8/20. Is 1228/8*(v + 11) prime?
False
Suppose 6584 = 4*t + 3*d, 3660 = -5*t - 2*d + 11897. Let w = -970 + t. Is w a composite number?
True
Suppose 5*l + 12 = -3. Let o be (-46)/(-69) - (0 + 8/(-6)). Is 74 + 2 - o - l a prime number?
False
Let d(l) = 4*l**2 - 9*l - 8. Suppose n - 72 = -7*n. Is d(n) a prime number?
False
Let g(h) = 70*h + 45 + 29 - 72*h - h**2. Let c(k) = -k - 3. Let w be c(-3). Is g(w) prime?
False
Let l = -6799 + 10206. Is l prime?
True
Suppose -67*w + 66*w + 3 = 0. Suppose -4*q - 5*k + 12577 = 0, -2*k + 5 = w*k. Is q prime?
False
Suppose -4 = -2*w, 3*z + 4*w - 15 - 5 = 0. Suppose 3*q = z*q - 103. Is q a composite number?
False
Suppose 0 = -4*v + 25409 - 7053. Is v composite?
True
Suppose 2*a - g + 5 - 10 = 0, 2*a = -4*g. Suppose -2*b + r = -303, 3*b = a*b + 4*r + 162. Let k = 373 - b. Is k composite?
False
Suppose z = -37*z + 265886. Is z a prime number?
True
Suppose -4*f + 4 = 40. Let a be (55 + -3)*f/12. Let j = 16 - a. Is j prime?
False
Let g(c) = 2*c**2 - 7*c + 6. Let a be g(4). Let d(u) = u**3 - 11*u**2 + 11*u - 5. Let f be d(a). Suppose -185 = -0*w - 5*w + 3*m, -185 = -f*w + 2*m. Is w prime?
True
Suppose 4*g + 3 = 15, -2*m = 5*g - 261. Let j = m - -1040. Is j composite?
False
Suppose 0 = -3*c + 4*c + a - 16493, -3*a - 16477 = -c. Is c prime?
False
Suppose -820 = 2*t + 3*t. Let f = -97 - t. Suppose 2*d - d = f. Is d composite?
False
Let t = 4 + 10. Let q be 4/t + 1808/(-56). Is 29/(-3)*(q - 1) a prime number?
False
Let a(t) = 14*t**2 - 5*t + 9. Let d be a(6). Let i = d - 230. Suppose -6*v + 5*v = -i. Is v composite?
True
Suppose 4*h - o = -3*o + 644, 3*h = 3*o + 501. Is h composite?
False
Suppose -92*v + 96*v - 10252 = 0. Is v composite?
True
Let b = 2226 + -173. Is b composite?
False
Suppose 8 = 8*p - 4*p. Suppose -1733 = -3*h + p*h. Is h a composite number?
False
Let g = 9 + -7. Suppose g*x - 13 = -3, 5*x - 10 = 5*h. Suppose -h*m - 4*o + 246 = 0, 433 = 6*m - m - o. Is m a composite number?
True
Let x(o) = 5*o + 10 - o - o - 2*o + 14*o**2. Let u be x(-9). Let r = u + -762. Is r a prime number?
True
Let q(u) = 1004*u - 203. Is q(3) prime?
False
Let q = -6 - -6. Suppose q = -2*o - 3*u - 29, -2*o - 37 = -6*u + u. Is 6/o + (-9211)/(-8) a prime number?
True
Let m be ((-20)/(-15))/((-1)/(-3)). Suppose -t = -5*t - 3*j + 429, 0 = 4*t + m*j - 424. Is t composite?
True
Let s = 508 - 350. Let r be (0 + (-5)/4)*-4. Suppose -r*n + 3*n = -s. Is n prime?
True
Let b be (-3)/6 + (-11)/(-2). Let c = b - -12. Suppose 0 = t - 3*i - 65, 4*t + c = -5*i + 209. Is t prime?
True
Let o = 35222 + -9901. Is o a composite number?
False
Let q(k) = 11345*k + 93. Is q(8) a prime number?
False
Let z be (30926/(-21))/((-2)/3). Let p be (10/5 + -4)*z. Is p/(-8) - 6/(-8) a prime number?
False
Let w = 33 - 30. Suppose -w*q - 5*p + 1751 = 0, 2*q = -0*q + 3*p + 1180. Is q prime?
True
Suppose n = -25*o + 29*o - 7893, n + 1974 = o. Is o a composite number?
False
Suppose 4*y - 5*m = 5364, -y = -22*m + 18*m - 1330. Is y a prime number?
False
Let s(j) = 184*j - 32. Let z be s(17). Is (-5)/(-1) - z*-1 a composite number?
True
Suppose -3*w + 12 = -5*k, 4*k - 1 = -4*w + 15. Suppose -5 - 7 = w*y. Let d(u) = -102*u + 1. Is d(y) composite?
False
Let g(w) be the first derivative of w**6/180 - w**5/10 - 13*w**4/24 + w**3/3 + 3. Let b(o) be the third derivative of g(o). Is b(10) prime?
True
Suppose 53990 = 7*f - 3*f + 2*w, 5*w + 54011 = 4*f. Is f composite?
False
Let o(q) = 38*q**2 + 19*q + 109. Is o(-8) prime?
True
Let b be (344/(-5) + 0)*10. Let s = -380 - b. Is s/10 - (-6)/30 a composite number?
False
Is (-7 - -2) + (-120933)/(-27) a prime number?
False
Let c = -264 + 100. Suppose -5*i = -2*z + 62, -3*z + 0*z = -3*i - 75. Let l = z - c. Is l prime?
False
Let g be 5*(-2)/(1 + 23/(-13)). Suppose -9*z - 4292 = -g*z. Is z prime?
False
Let r(c) = 116*c - 17. Is r(11) composite?
False
Suppose -4*t + 129 = 5*n, 3*t + 0*n - 90 = 3*n. Is t prime?
True
Let h = 1888 - -1190. Suppose 0 = 5*f - h + 843. Is f prime?
False
Suppose 0 = 5*d - 29 - 71. Let o = d - 16. Suppose 0*n = 2*n - b - 939, -3*b + 1853 = o*n. Is n prime?
True
Suppose -a = 5*y - 0*a - 51032, y + 4*a = 10195. Is y a composite number?
True
Suppose -3*h - 16368 = -3*u, -11149 - 16119 = 5*h - u. Let n = -3822 - h. Is n a prime number?
False
Let i(v) = v**2 - 17*v + 343. Is i(-27) prime?
True
Let s = 49 + -45. Suppose s*d + 355 = 3431. Is d composite?
False
Let a = 38 - 44. Suppose -4*u + 640 = -2*j, j = -u + 2*j + 162. Is u - (-4)/(8/a) prime?
False
Suppose -5*h + 2 + 13 = 0. Suppose k + 2782 = h*k. Is k a prime number?
False
Let m = -71748 - -104651. Is m a prime number?
False
Suppose 0 = -2*c + 14 - 2. Suppose 3*s + 2*d - c*d - 14875 = 0, 2*d + 24787 = 5*s. Is s prime?
True
Let g = 1167 - 254. Is g prime?
False
Suppose a + 2 = i - 0*i, 0 = a + 4*i - 23. Suppose 0 = -a*v + 275 - 29. Is v a prime number?
False
Let d = 8879 + -5915. Suppose d = -5*r + 17*r. Is r a prime number?
False
Suppose 21261 = -5*r + 116866. Is r a composite number?
False
Let s(l) = 2388*l - 523. Is s(14) composite?
False
Let i(o) = -o**3 - o**2 + 0*o**2 + 3 - 2*o**2. Let h be i(-3). Suppose -h*u + 164 = 50. Is u prime?
False
Let o = -6 - -11. Suppose 0 = -4*d + o*v + 7046, 3*v + 2*v + 10 = 0. Is d prime?
True
Let i(k) = -k**3 - 5*k**2 - 5*k - 3. Let l be i(5). Let r = l - -721. Is r prime?
True
Suppose -2*m = -4*r + 471 + 593, -4*m = -16. Let z = 417 - r. Is z a prime number?
True
Let s be -34*(-1 + 4/(-8)). Let g = 85 - s. Is g composite?
True
Let x(a) = a**2 - 2*a + 1331. Let s be x(0). Suppose 5*m = -4*b - s, 5*b + m + 0*m + 1690 = 0. Let p = 502 + b. Is p a prime number?
True
Let o(z) = 32*z**3 - 6*z**2 + 6*z - 5. Let u be o(4). Let r = -728 + u. Is r composite?
True
Let a(c) = -c. Let p(u) = 384*u**2 + 10*u + 3. Let n(j) = 6*a(j) + p(j). Is n(-2) composite?
False
Suppose 27*c = 39521 + 115648. Is c a prime number?
False
Let t(m) = -3*m - 10. Let o be 3*5/(30/(-16)). Let f be t(o). Is 8/28 + 528/f a composite number?
True
Let o = 106 + -95. Suppose 6*v + 775 = o*v. Is v prime?
False
Let u = -12 - -15. Suppose -a + 91 = y, -a = a - u*y - 162. Is a composite?
True
Let n = -2440 + 7204. Let d be n/10 + (-2)/5. Suppose -d = -f - 3*f. Is f a prime number?
False
Suppose 0 = 21*a + 4*a - 21475. Is a a prime number?
True
Suppose -5*z - 3*f = -51286, -4*z - 2*f = -20812 - 20218. Is z prime?
True
Let m = 12 - 9. Let t = -11 + 11. Is t + m + (303 - 3) a prime number?
False
Let j(i) = -i**3 - 2*i**2 + i - 6. Let n be j(-4). Is (-4)/n + ((-26012)/(-44) - 4) a prime number?
True
Suppose -l